
52
Calculate the remainder when 7954 is divided by 568.
2
Calculate the remainder when 39186 is divided by 13059.
9
What is the remainder when 9489 is divided by 288?
273
Calculate the remainder when 10991 is divided by 474.
89
What is the remainder when 5055 is divided by 1150?
455
What is the remainder when 179436 is divided by 715?
686
What is the remainder when 2582 is divided by 529?
466
Calculate the remainder when 643 is divided by 45.
13
Calculate the remainder when 7495 is divided by 3737.
21
What is the remainder when 805941 is divided by 286?
279
What is the remainder when 116959 is divided by 41?
27
What is the remainder when 8078 is divided by 105?
98
Calculate the remainder when 91 is divided by 21.
7
Calculate the remainder when 17481 is divided by 85.
56
Calculate the remainder when 117157 is divided by 90.
67
What is the remainder when 124 is divided by 17?
5
What is the remainder when 18972 is divided by 559?
525
What is the remainder when 21629 is divided by 129?
86
What is the remainder when 977529 is divided by 65?
59
What is the remainder when 1350 is divided by 77?
41
Calculate the remainder when 13549 is divided by 4479.
112
Calculate the remainder when 2176 is divided by 734.
708
What is the remainder when 9827 is divided by 179?
161
Calculate the remainder when 6444 is divided by 16.
12
Calculate the remainder when 4388 is divided by 4380.
8
What is the remainder when 6789 is divided by 622?
569
Calculate the remainder when 185256 is divided by 37.
34
What is the remainder when 61927 is divided by 37?
26
What is the remainder when 8433 is divided by 58?
23
What is the remainder when 207233 is divided by 522?
521
Calculate the remainder when 91698 is divided by 175.
173
Calculate the remainder when 2732 is divided by 651.
128
What is the remainder when 6831 is divided by 3299?
233
Calculate the remainder when 9603 is divided by 251.
65
Calculate the remainder when 7260 is divided by 145.
10
What is the remainder when 41165 is divided by 23?
18
What is the remainder when 23349 is divided by 97?
69
What is the remainder when 378 is divided by 27?
0
Calculate the remainder when 2189 is divided by 2164.
25
Calculate the remainder when 38156 is divided by 370.
46
Calculate the remainder when 892383 is divided by 5.
3
Calculate the remainder when 649024 is divided by 325.
324
Calculate the remainder when 26671 is divided by 26641.
30
Calculate the remainder when 327177 is divided by 420.
417
Calculate the remainder when 3136 is divided by 138.
100
Calculate the remainder when 20172 is divided by 577.
554
What is the remainder when 26183 is divided by 126?
101
What is the remainder when 144265 is divided by 106?
105
Calculate the remainder when 19676 is divided by 819.
20
Calculate the remainder when 24054 is divided by 157.
33
Calculate the remainder when 237517 is divided by 463.
461
Calculate the remainder when 7802 is divided by 1945.
22
What is the remainder when 737935 is divided by 245974?
13
What is the remainder when 7388 is divided by 99?
62
Calculate the remainder when 5271 is divided by 7.
0
Calculate the remainder when 1283950 is divided by 63.
10
What is the remainder when 33398 is divided by 3024?
134
Calculate the remainder when 49488 is divided by 77.
54
Calculate the remainder when 81430 is divided by 11.
8
Calculate the remainder when 18362 is divided by 291.
29
Calculate the remainder when 46795 is divided by 162.
139
What is the remainder when 26767 is divided by 195?
52
What is the remainder when 224905 is divided by 12?
1
Calculate the remainder when 795 is divided by 167.
127
What is the remainder when 5816 is divided by 26?
18
Calculate the remainder when 1286869 is divided by 37.
9
What is the remainder when 4495 is divided by 68?
7
Calculate the remainder when 567 is divided by 51.
6
What is the remainder when 22141 is divided by 3163?
0
Calculate the remainder when 5892 is divided by 54.
6
Calculate the remainder when 345 is divided by 52.
33
Calculate the remainder when 242702 is divided by 20.
2
Calculate the remainder when 310 is divided by 300.
10
What is the remainder when 18562 is divided by 4635?
22
Calculate the remainder when 50799 is divided by 96.
15
Calculate the remainder when 29417 is divided by 2450.
17
What is the remainder when 3391 is divided by 177?
28
What is the remainder when 2733 is divided by 420?
213
What is the remainder when 270048 is divided by 776?
0
What is the remainder when 156070 is divided by 23?
15
What is the remainder when 437 is divided by 358?
79
Calculate the remainder when 9998 is divided by 45.
8
What is the remainder when 3266 is divided by 144?
98
What is the remainder when 99367 is divided by 537?
22
Calculate the remainder when 1466 is divided by 242.
14
What is the remainder when 1659 is divided by 537?
48
What is the remainder when 186374 is divided by 71?
70
Calculate the remainder when 34828 is divided by 43.
41
Calculate the remainder when 519132 is divided by 1236.
12
Calculate the remainder when 525968 is divided by 442.
430
Calculate the remainder when 33921 is divided by 11307.
0
Calculate the remainder when 1381884 is divided by 512.
508
Calculate the remainder when 68998 is divided by 5745.
58
Calculate the remainder when 1986 is divided by 985.
16
What is the remainder when 34712 is divided by 34644?
68
Calculate the remainder when 59345 is divided by 18.
17
Calculate the remainder when 102934 is divided by 575.
9
Calculate the remainder when 216634 is divided by 81.
40
Calculate the remainder when 526 is divided by 187.
152
What is the remainder when 8815 is divided by 2200?
15
Calculate the remainder when 3692995 is divided by 77.
75
What is the remainder when 108472 is divided by 179?
177
What is the remainder when 28345 is divided by 69?
55
What is the remainder when 335993 is divided by 60?
53
What is the remainder when 7602141 is divided by 32?
29
Calculate the remainder when 35177 is divided by 78.
77
Calculate the remainder when 2336 is divided by 20.
16
Calculate the remainder when 412502 is divided by 550.
2
Calculate the remainder when 44890 is divided by 11221.
6
Calculate the remainder when 7457 is divided by 17.
11
Calculate the remainder when 25408 is divided by 8449.
61
Calculate the remainder when 30533 is divided by 42.
41
Calculate the remainder when 52750 is divided by 6574.
158
Calculate the remainder when 13563 is divided by 73.
58
What is the remainder when 1093 is divided by 251?
89
Calculate the remainder when 49873 is divided by 860.
853
What is the remainder when 900776 is divided by 39164?
4
Calculate the remainder when 150927 is divided by 43.
40
What is the remainder when 55365 is divided by 3256?
13
What is the remainder when 2198 is divided by 452?
390
What is the remainder when 57077 is divided by 1967?
34
What is the remainder when 17039 is divided by 60?
59
Calculate the remainder when 260903 is divided by 195.
188
What is the remainder when 2747 is divided by 586?
403
Calculate the remainder when 814091 is divided by 271356.
23
What is the remainder when 5397 is divided by 404?
145
Calculate the remainder when 131482 is divided by 926.
916
Calculate the remainder when 9496 is divided by 452.
4
Calculate the remainder when 721780 is divided by 18.
16
Calculate the remainder when 7755 is divided by 2578.
21
Calculate the remainder when 2201 is divided by 1150.
1051
What is the remainder when 4360 is divided by 23?
13
What is the remainder when 16639 is divided by 216?
7
Calculate the remainder when 80371 is divided by 71.
70
Calculate the remainder when 374481 is divided by 11.
8
Calculate the remainder when 14956 is divided by 170.
166
What is the remainder when 13421 is divided by 89?
71
What is the remainder when 586398 is divided by 1910?
28
Calculate the remainder when 17197 is divided by 253.
246
What is the remainder when 423272 is divided by 211636?
0
What is the remainder when 4876 is divided by 412?
344
Calculate the remainder when 1103470 is divided by 237.
235
Calculate the remainder when 8317 is divided by 246.
199
Calculate the remainder when 9741 is divided by 2433.
9
Calculate the remainder when 22557 is divided by 245.
17
What is the remainder when 1587165 is divided by 450?
15
What is